{"id":9943,"date":"2023-11-30T23:16:23","date_gmt":"2023-11-30T23:16:23","guid":{"rendered":"https:\/\/www.lagottoromagnolo-ribaty.cz\/?page_id=9943"},"modified":"2026-03-03T00:29:43","modified_gmt":"2026-03-03T00:29:43","slug":"absolventi-kurzu-uprava-a-pece-o-srst","status":"publish","type":"page","link":"https:\/\/www.lagottoromagnolo-ribaty.cz\/index.php\/absolventi-kurzu-uprava-a-pece-o-srst\/","title":{"rendered":"Absolventi kurzu &#8211; \u00daprava a p\u00e9\u010de o srst"},"content":{"rendered":"\n<p><\/p>\n\n\n\n<p class=\"has-text-align-center has-background has-huge-font-size\" id=\"absolventikurzu\" style=\"background-color:#e0c4eb\"> <strong>Absolventi cel\u00e9ho kurzu<\/strong> <\/p>\n\n\n\n<p><\/p>\n\n\n\n<div class=\"wp-block-media-text alignwide is-stacked-on-mobile\" style=\"grid-template-columns:43% auto\"><figure class=\"wp-block-media-text__media\"><img loading=\"lazy\" width=\"768\" height=\"1024\" src=\"https:\/\/www.lagottoromagnolo-ribaty.cz\/wp-content\/uploads\/2023\/11\/1700669964308-1.jpg\" alt=\"\" class=\"wp-image-9957 size-full\" srcset=\"https:\/\/www.lagottoromagnolo-ribaty.cz\/wp-content\/uploads\/2023\/11\/1700669964308-1.jpg 768w, https:\/\/www.lagottoromagnolo-ribaty.cz\/wp-content\/uploads\/2023\/11\/1700669964308-1-375x500.jpg 375w\" sizes=\"(max-width: 768px) 100vw, 768px\" \/><\/figure><div class=\"wp-block-media-text__content\">\n<p class=\"has-text-align-center has-vivid-red-color has-text-color has-large-font-size\"><strong>Pan\u00ed Mgr. Pavl\u00edna Fleglov\u00e1 a jej\u00ed dokonal\u00e1 Emmie Cate<\/strong> <strong>Ribaty<\/strong><\/p>\n\n\n\n<div class=\"wp-block-buttons\">\n<div class=\"wp-block-button has-custom-font-size is-style-outline\" style=\"font-size:22px\"><a class=\"wp-block-button__link has-vivid-purple-color has-light-green-cyan-background-color has-text-color has-background\" href=\"https:\/\/www.lagottoromagnolo-ribaty.cz\/index.php\/emicka-a-pavlinka\/\" target=\"_blank\" rel=\"noreferrer noopener\"><strong>P\u00e1r slov o Pavl\u00ednce a Emi\u010dce<\/strong><\/a><\/div>\n<\/div>\n\n\n\n<div class=\"wp-block-buttons\">\n<div class=\"wp-block-button has-custom-font-size is-style-outline has-medium-font-size\"><a class=\"wp-block-button__link has-black-color has-luminous-vivid-amber-background-color has-text-color has-background\" href=\"https:\/\/www.lagottoromagnolo-ribaty.cz\/index.php\/hodnoceni-kurzu\/\" target=\"_blank\" rel=\"noreferrer noopener\"><strong>Hodnocen\u00ed kurzu<\/strong><\/a><\/div>\n<\/div>\n<\/div><\/div>\n\n\n\n<p><\/p>\n\n\n\n<p><\/p>\n\n\n\n<div class=\"wp-block-media-text alignwide has-media-on-the-right is-stacked-on-mobile\"><figure class=\"wp-block-media-text__media\"><img loading=\"lazy\" width=\"768\" height=\"1024\" src=\"https:\/\/www.lagottoromagnolo-ribaty.cz\/wp-content\/uploads\/2024\/06\/1718919579366-768x1024.jpg\" alt=\"\" class=\"wp-image-10506 size-full\" srcset=\"https:\/\/www.lagottoromagnolo-ribaty.cz\/wp-content\/uploads\/2024\/06\/1718919579366-768x1024.jpg 768w, https:\/\/www.lagottoromagnolo-ribaty.cz\/wp-content\/uploads\/2024\/06\/1718919579366-375x500.jpg 375w, https:\/\/www.lagottoromagnolo-ribaty.cz\/wp-content\/uploads\/2024\/06\/1718919579366-1152x1536.jpg 1152w, https:\/\/www.lagottoromagnolo-ribaty.cz\/wp-content\/uploads\/2024\/06\/1718919579366.jpg 1220w\" sizes=\"(max-width: 768px) 100vw, 768px\" \/><\/figure><div class=\"wp-block-media-text__content\">\n<p class=\"has-text-align-center has-large-font-size\"><strong><span style=\"color:#8d0fcc\" class=\"has-inline-color\">Pan\u00ed Mgr. Kate\u0159ina Ku\u017eelov\u00e1 a jej\u00ed \u00fa\u017easn\u00e1 Dina <\/span><\/strong><\/p>\n\n\n\n<div class=\"wp-block-buttons\">\n<div class=\"wp-block-button has-custom-font-size is-style-outline has-medium-font-size\"><a class=\"wp-block-button__link has-luminous-vivid-amber-background-color has-background\" href=\"https:\/\/www.lagottoromagnolo-ribaty.cz\/index.php\/hodnoceni-kurzu-2\/\" target=\"_blank\" rel=\"noreferrer noopener\"><strong>Hodnocen\u00ed kurzu<\/strong><\/a><\/div>\n<\/div>\n\n\n\n<p><\/p>\n<\/div><\/div>\n\n\n\n<div class=\"wp-block-media-text alignwide is-stacked-on-mobile\"><figure class=\"wp-block-media-text__media\"><img loading=\"lazy\" width=\"1024\" height=\"768\" src=\"https:\/\/www.lagottoromagnolo-ribaty.cz\/wp-content\/uploads\/2024\/09\/IMG_20240913_152157-1024x768.jpg\" alt=\"\" class=\"wp-image-10698 size-full\" srcset=\"https:\/\/www.lagottoromagnolo-ribaty.cz\/wp-content\/uploads\/2024\/09\/IMG_20240913_152157-1024x768.jpg 1024w, https:\/\/www.lagottoromagnolo-ribaty.cz\/wp-content\/uploads\/2024\/09\/IMG_20240913_152157-500x375.jpg 500w, https:\/\/www.lagottoromagnolo-ribaty.cz\/wp-content\/uploads\/2024\/09\/IMG_20240913_152157-768x576.jpg 768w, https:\/\/www.lagottoromagnolo-ribaty.cz\/wp-content\/uploads\/2024\/09\/IMG_20240913_152157-1536x1152.jpg 1536w, https:\/\/www.lagottoromagnolo-ribaty.cz\/wp-content\/uploads\/2024\/09\/IMG_20240913_152157-2048x1536.jpg 2048w\" sizes=\"(max-width: 1024px) 100vw, 1024px\" \/><\/figure><div class=\"wp-block-media-text__content\">\n<p class=\"has-text-align-center has-large-font-size\"><strong><span style=\"color:#d323cd\" class=\"has-inline-color\">Pan\u00ed MUDr. Marcela Jandov\u00e1 a jej\u00ed sladk\u00e1 Roz\u00e1rka<\/span><\/strong> \ud83e\ude77<\/p>\n\n\n\n<div class=\"wp-block-buttons\">\n<div class=\"wp-block-button has-custom-font-size is-style-outline has-medium-font-size\"><a class=\"wp-block-button__link has-black-color has-luminous-vivid-amber-background-color has-text-color has-background\" href=\"https:\/\/www.lagottoromagnolo-ribaty.cz\/index.php\/hodnoceni-kurzu-3\/\" target=\"_blank\" rel=\"noreferrer noopener\"><strong>Hodnocen\u00ed kurzu <\/strong><\/a><\/div>\n<\/div>\n\n\n\n<p><\/p>\n\n\n\n<p><\/p>\n<\/div><\/div>\n\n\n\n<div class=\"wp-block-media-text alignwide has-media-on-the-right is-stacked-on-mobile\"><figure class=\"wp-block-media-text__media\"><img loading=\"lazy\" width=\"768\" height=\"1024\" src=\"https:\/\/www.lagottoromagnolo-ribaty.cz\/wp-content\/uploads\/2024\/09\/image1-2-768x1024.jpeg\" alt=\"\" class=\"wp-image-10844 size-full\" srcset=\"https:\/\/www.lagottoromagnolo-ribaty.cz\/wp-content\/uploads\/2024\/09\/image1-2-768x1024.jpeg 768w, https:\/\/www.lagottoromagnolo-ribaty.cz\/wp-content\/uploads\/2024\/09\/image1-2-375x500.jpeg 375w, https:\/\/www.lagottoromagnolo-ribaty.cz\/wp-content\/uploads\/2024\/09\/image1-2-1152x1536.jpeg 1152w, https:\/\/www.lagottoromagnolo-ribaty.cz\/wp-content\/uploads\/2024\/09\/image1-2-1536x2048.jpeg 1536w, https:\/\/www.lagottoromagnolo-ribaty.cz\/wp-content\/uploads\/2024\/09\/image1-2-scaled.jpeg 1920w\" sizes=\"(max-width: 768px) 100vw, 768px\" \/><\/figure><div class=\"wp-block-media-text__content\">\n<p class=\"has-text-align-center has-large-font-size\"><strong><span style=\"color:#75b6e1\" class=\"has-inline-color\">Sle\u010dna Lucie a jej\u00ed neodolateln\u00e1 pralinka Bruno <\/span><\/strong>\ud83e\ude75<\/p>\n\n\n\n<div class=\"wp-block-buttons\">\n<div class=\"wp-block-button has-custom-font-size is-style-outline has-medium-font-size\"><a class=\"wp-block-button__link has-black-color has-luminous-vivid-amber-background-color has-text-color has-background\" href=\"https:\/\/www.lagottoromagnolo-ribaty.cz\/index.php\/hodnoceni-kurzu-4\/\" target=\"_blank\" rel=\"noreferrer noopener\"><strong>Hodnocen\u00ed kurzu <\/strong><\/a><\/div>\n<\/div>\n\n\n\n<p><\/p>\n\n\n\n<p><\/p>\n<\/div><\/div>\n\n\n\n<div class=\"wp-block-media-text alignwide is-stacked-on-mobile\"><figure class=\"wp-block-media-text__media\"><img loading=\"lazy\" width=\"1024\" height=\"768\" src=\"https:\/\/www.lagottoromagnolo-ribaty.cz\/wp-content\/uploads\/2024\/10\/IMG_20241006_130958-1-1024x768.jpg\" alt=\"\" class=\"wp-image-10878 size-full\" srcset=\"https:\/\/www.lagottoromagnolo-ribaty.cz\/wp-content\/uploads\/2024\/10\/IMG_20241006_130958-1-1024x768.jpg 1024w, https:\/\/www.lagottoromagnolo-ribaty.cz\/wp-content\/uploads\/2024\/10\/IMG_20241006_130958-1-500x375.jpg 500w, https:\/\/www.lagottoromagnolo-ribaty.cz\/wp-content\/uploads\/2024\/10\/IMG_20241006_130958-1-768x576.jpg 768w, https:\/\/www.lagottoromagnolo-ribaty.cz\/wp-content\/uploads\/2024\/10\/IMG_20241006_130958-1-1536x1152.jpg 1536w, https:\/\/www.lagottoromagnolo-ribaty.cz\/wp-content\/uploads\/2024\/10\/IMG_20241006_130958-1-2048x1536.jpg 2048w\" sizes=\"(max-width: 1024px) 100vw, 1024px\" \/><\/figure><div class=\"wp-block-media-text__content\">\n<p class=\"has-text-align-center has-large-font-size\"><strong><span style=\"color:#a61b91\" class=\"has-inline-color\">Pan\u00ed Bc. Krist\u00edna Antalov\u00e1 &#8211; ps\u00ed salon Asany (SK) a n\u00e1\u0161 model Mi\u00e1nek &#8211; Valle dei Medici Ermes \ud83e\ude75<\/span><\/strong><\/p>\n\n\n\n<div class=\"wp-block-buttons\">\n<div class=\"wp-block-button has-custom-font-size is-style-outline has-medium-font-size\"><a class=\"wp-block-button__link has-black-color has-luminous-vivid-amber-background-color has-text-color has-background\" href=\"https:\/\/www.lagottoromagnolo-ribaty.cz\/index.php\/hodnoceni-kurzu-5\/\" target=\"_blank\" rel=\"noreferrer noopener\"><strong>Hodnocen\u00ed kurzu <\/strong><\/a><\/div>\n<\/div>\n\n\n\n<p><\/p>\n<\/div><\/div>\n\n\n\n<div class=\"wp-block-media-text alignwide has-media-on-the-right is-stacked-on-mobile\" style=\"grid-template-columns:auto 49%\"><figure class=\"wp-block-media-text__media\"><img loading=\"lazy\" width=\"768\" height=\"1024\" src=\"https:\/\/www.lagottoromagnolo-ribaty.cz\/wp-content\/uploads\/2024\/11\/IMG_20241028_165317-1152x1536-1-768x1024.jpg\" alt=\"\" class=\"wp-image-10964 size-full\" srcset=\"https:\/\/www.lagottoromagnolo-ribaty.cz\/wp-content\/uploads\/2024\/11\/IMG_20241028_165317-1152x1536-1-768x1024.jpg 768w, https:\/\/www.lagottoromagnolo-ribaty.cz\/wp-content\/uploads\/2024\/11\/IMG_20241028_165317-1152x1536-1-375x500.jpg 375w, https:\/\/www.lagottoromagnolo-ribaty.cz\/wp-content\/uploads\/2024\/11\/IMG_20241028_165317-1152x1536-1.jpg 1152w\" sizes=\"(max-width: 768px) 100vw, 768px\" \/><\/figure><div class=\"wp-block-media-text__content\">\n<p class=\"has-text-align-center has-large-font-size\"><strong><span style=\"color:#ac6ae7\" class=\"has-inline-color\">Pan\u00ed Mgr. Simona D\u011bck\u00e1 a jej\u00ed kr\u00e1sn\u00e1 Rorynka<\/span><\/strong><\/p>\n\n\n\n<div class=\"wp-block-buttons\">\n<div class=\"wp-block-button has-custom-font-size is-style-outline has-medium-font-size\"><a class=\"wp-block-button__link has-luminous-vivid-amber-background-color has-background\" href=\"https:\/\/www.lagottoromagnolo-ribaty.cz\/index.php\/hodnoceni-kurzu-simona-a-rory\/\" target=\"_blank\" rel=\"noreferrer noopener\"><strong>Hodnocen\u00ed kurzu<\/strong><\/a><\/div>\n<\/div>\n<\/div><\/div>\n\n\n\n<div class=\"wp-block-media-text alignwide is-stacked-on-mobile\" style=\"grid-template-columns:49% auto\"><figure class=\"wp-block-media-text__media\"><img loading=\"lazy\" width=\"825\" height=\"857\" src=\"https:\/\/www.lagottoromagnolo-ribaty.cz\/wp-content\/uploads\/2025\/03\/IMG_20250222_165429-scaled-e1741292501195.jpg\" alt=\"\" class=\"wp-image-11183 size-full\" srcset=\"https:\/\/www.lagottoromagnolo-ribaty.cz\/wp-content\/uploads\/2025\/03\/IMG_20250222_165429-scaled-e1741292501195.jpg 825w, https:\/\/www.lagottoromagnolo-ribaty.cz\/wp-content\/uploads\/2025\/03\/IMG_20250222_165429-scaled-e1741292501195-481x500.jpg 481w, https:\/\/www.lagottoromagnolo-ribaty.cz\/wp-content\/uploads\/2025\/03\/IMG_20250222_165429-scaled-e1741292501195-768x798.jpg 768w\" sizes=\"(max-width: 825px) 100vw, 825px\" \/><\/figure><div class=\"wp-block-media-text__content\">\n<p class=\"has-text-align-center has-large-font-size\"><strong><span style=\"color:#c63dec\" class=\"has-inline-color\">Pan\u00ed Eva Baxov\u00e1 a jej\u00ed p\u0159esladk\u00e1 Berunka (Berenica Angel Shadow)<\/span><\/strong><\/p>\n\n\n\n<div class=\"wp-block-buttons\">\n<div class=\"wp-block-button has-custom-font-size is-style-outline has-medium-font-size\"><a class=\"wp-block-button__link has-luminous-vivid-amber-background-color has-background\" href=\"https:\/\/www.lagottoromagnolo-ribaty.cz\/index.php\/hodnoceni-kurzu-6\/\" target=\"_blank\" rel=\"noreferrer noopener\"><strong>Hodnocen\u00ed kurzu<\/strong><\/a><\/div>\n<\/div>\n<\/div><\/div>\n\n\n\n<div class=\"wp-block-media-text alignwide has-media-on-the-right is-stacked-on-mobile\" style=\"grid-template-columns:auto 60%\"><figure class=\"wp-block-media-text__media\"><img loading=\"lazy\" width=\"1024\" height=\"724\" src=\"https:\/\/www.lagottoromagnolo-ribaty.cz\/wp-content\/uploads\/2026\/03\/certifikat-o-ucasti-1024x724.jpg\" alt=\"\" class=\"wp-image-12346 size-full\" srcset=\"https:\/\/www.lagottoromagnolo-ribaty.cz\/wp-content\/uploads\/2026\/03\/certifikat-o-ucasti-1024x724.jpg 1024w, https:\/\/www.lagottoromagnolo-ribaty.cz\/wp-content\/uploads\/2026\/03\/certifikat-o-ucasti-500x354.jpg 500w, https:\/\/www.lagottoromagnolo-ribaty.cz\/wp-content\/uploads\/2026\/03\/certifikat-o-ucasti-768x543.jpg 768w, https:\/\/www.lagottoromagnolo-ribaty.cz\/wp-content\/uploads\/2026\/03\/certifikat-o-ucasti-1536x1086.jpg 1536w, https:\/\/www.lagottoromagnolo-ribaty.cz\/wp-content\/uploads\/2026\/03\/certifikat-o-ucasti.jpg 2000w\" sizes=\"(max-width: 1024px) 100vw, 1024px\" \/><\/figure><div class=\"wp-block-media-text__content\">\n<p class=\"has-text-align-center has-large-font-size\"><strong><span style=\"color:#e56c16\" class=\"has-inline-color\">Pan\u00ed Karol\u00edna Tlust\u00e1 (ps\u00ed salon Dogs We Are) a na\u0161e odchovan\u00e1 Clementine Ribaty<\/span><\/strong><\/p>\n\n\n\n<div class=\"wp-block-buttons\">\n<div class=\"wp-block-button has-custom-font-size is-style-outline has-medium-font-size\"><a class=\"wp-block-button__link has-luminous-vivid-amber-background-color has-background\" href=\"https:\/\/www.lagottoromagnolo-ribaty.cz\/index.php\/hodnoceni-kurzu-7\/\" target=\"_blank\" rel=\"noreferrer noopener\"><strong>Hodnocen\u00ed kurzu<\/strong><\/a><\/div>\n<\/div>\n<\/div><\/div>\n\n\n\n<p class=\"has-text-align-center has-background has-huge-font-size\" style=\"background-color:#b2b8f0\"><strong>Absolventi teoretick\u00e9 \u010d\u00e1sti kurzu <\/strong><\/p>\n\n\n\n<p><\/p>\n\n\n\n<p><\/p>\n\n\n\n<p><\/p>\n\n\n\n<div class=\"wp-block-media-text alignwide is-stacked-on-mobile\"><figure class=\"wp-block-media-text__media\"><img loading=\"lazy\" width=\"765\" height=\"1024\" src=\"https:\/\/www.lagottoromagnolo-ribaty.cz\/wp-content\/uploads\/2024\/07\/IMG-20230924-WA0146-2-765x1024.jpg\" alt=\"\" class=\"wp-image-10602 size-full\" srcset=\"https:\/\/www.lagottoromagnolo-ribaty.cz\/wp-content\/uploads\/2024\/07\/IMG-20230924-WA0146-2-765x1024.jpg 765w, https:\/\/www.lagottoromagnolo-ribaty.cz\/wp-content\/uploads\/2024\/07\/IMG-20230924-WA0146-2-374x500.jpg 374w, https:\/\/www.lagottoromagnolo-ribaty.cz\/wp-content\/uploads\/2024\/07\/IMG-20230924-WA0146-2-768x1027.jpg 768w, https:\/\/www.lagottoromagnolo-ribaty.cz\/wp-content\/uploads\/2024\/07\/IMG-20230924-WA0146-2-1148x1536.jpg 1148w, https:\/\/www.lagottoromagnolo-ribaty.cz\/wp-content\/uploads\/2024\/07\/IMG-20230924-WA0146-2.jpg 1196w\" sizes=\"(max-width: 765px) 100vw, 765px\" \/><\/figure><div class=\"wp-block-media-text__content\">\n<p class=\"has-text-align-center has-luminous-vivid-orange-color has-text-color has-large-font-size\"><strong>Pan\u00ed Mgr. Pavla \u0160tainerov\u00e1 a jej\u00ed v\u00fdjime\u010dn\u00fd Goro<\/strong><\/p>\n\n\n\n<div class=\"wp-block-buttons\">\n<div class=\"wp-block-button has-custom-font-size is-style-outline\" style=\"font-size:22px\"><a class=\"wp-block-button__link has-vivid-purple-color has-light-green-cyan-background-color has-text-color has-background\" href=\"https:\/\/www.lagottoromagnolo-ribaty.cz\/index.php\/gorousek-a-pavla\/\" target=\"_blank\" rel=\"noreferrer noopener\"><strong>P\u00e1r slov o Gorou\u0161kovi a Pavle<\/strong><\/a><\/div>\n\n\n\n<div class=\"wp-block-button has-custom-font-size is-style-outline\" style=\"font-size:22px\"><a class=\"wp-block-button__link has-black-color has-luminous-vivid-amber-background-color has-text-color has-background\" href=\"https:\/\/www.lagottoromagnolo-ribaty.cz\/index.php\/hodnoceni-teorie-2\/\" target=\"_blank\" rel=\"noreferrer noopener\"><strong>Hodnocen\u00ed teorie<\/strong><\/a><\/div>\n<\/div>\n\n\n\n<p class=\"has-text-align-center has-luminous-vivid-orange-color has-text-color has-large-font-size\"><strong> <\/strong><\/p>\n<\/div><\/div>\n\n\n\n<p><\/p>\n\n\n\n<div class=\"wp-block-media-text alignwide has-media-on-the-right is-stacked-on-mobile\"><figure class=\"wp-block-media-text__media\"><img loading=\"lazy\" width=\"768\" height=\"1024\" src=\"https:\/\/www.lagottoromagnolo-ribaty.cz\/wp-content\/uploads\/2024\/07\/Messenger_creation_6ed4ab1e-6000-4896-8b78-77a5c973f547-768x1024.jpeg\" alt=\"\" class=\"wp-image-10647 size-full\" srcset=\"https:\/\/www.lagottoromagnolo-ribaty.cz\/wp-content\/uploads\/2024\/07\/Messenger_creation_6ed4ab1e-6000-4896-8b78-77a5c973f547-768x1024.jpeg 768w, https:\/\/www.lagottoromagnolo-ribaty.cz\/wp-content\/uploads\/2024\/07\/Messenger_creation_6ed4ab1e-6000-4896-8b78-77a5c973f547-375x500.jpeg 375w, https:\/\/www.lagottoromagnolo-ribaty.cz\/wp-content\/uploads\/2024\/07\/Messenger_creation_6ed4ab1e-6000-4896-8b78-77a5c973f547-1152x1536.jpeg 1152w, https:\/\/www.lagottoromagnolo-ribaty.cz\/wp-content\/uploads\/2024\/07\/Messenger_creation_6ed4ab1e-6000-4896-8b78-77a5c973f547.jpeg 1500w\" sizes=\"(max-width: 768px) 100vw, 768px\" \/><\/figure><div class=\"wp-block-media-text__content\">\n<p class=\"has-text-align-center has-pale-pink-color has-text-color has-large-font-size\"><strong>Pan\u00ed Mgr. Michaela Valentov\u00e1 a jej\u00ed sladk\u00e1 Marshmallow BellisimaGlembell<\/strong><\/p>\n\n\n\n<div class=\"wp-block-buttons\">\n<div class=\"wp-block-button has-custom-font-size is-style-outline\" style=\"font-size:22px\"><a class=\"wp-block-button__link has-luminous-vivid-amber-background-color has-background\" href=\"https:\/\/www.lagottoromagnolo-ribaty.cz\/index.php\/hodnoceni-teorie\/\" target=\"_blank\" rel=\"noreferrer noopener\"><strong>Hodnocen\u00ed teorie<\/strong><\/a><\/div>\n<\/div>\n<\/div><\/div>\n\n\n\n<div class=\"wp-block-buttons\"><\/div>\n","protected":false},"excerpt":{"rendered":"<p>Absolventi cel\u00e9ho kurzu Absolventi teoretick\u00e9 \u010d\u00e1sti kurzu<\/p>\n","protected":false},"author":1,"featured_media":0,"parent":0,"menu_order":0,"comment_status":"closed","ping_status":"closed","template":"template-full-width.php","meta":{"ngg_post_thumbnail":0},"_links":{"self":[{"href":"https:\/\/www.lagottoromagnolo-ribaty.cz\/index.php\/wp-json\/wp\/v2\/pages\/9943"}],"collection":[{"href":"https:\/\/www.lagottoromagnolo-ribaty.cz\/index.php\/wp-json\/wp\/v2\/pages"}],"about":[{"href":"https:\/\/www.lagottoromagnolo-ribaty.cz\/index.php\/wp-json\/wp\/v2\/types\/page"}],"author":[{"embeddable":true,"href":"https:\/\/www.lagottoromagnolo-ribaty.cz\/index.php\/wp-json\/wp\/v2\/users\/1"}],"replies":[{"embeddable":true,"href":"https:\/\/www.lagottoromagnolo-ribaty.cz\/index.php\/wp-json\/wp\/v2\/comments?post=9943"}],"version-history":[{"count":84,"href":"https:\/\/www.lagottoromagnolo-ribaty.cz\/index.php\/wp-json\/wp\/v2\/pages\/9943\/revisions"}],"predecessor-version":[{"id":12348,"href":"https:\/\/www.lagottoromagnolo-ribaty.cz\/index.php\/wp-json\/wp\/v2\/pages\/9943\/revisions\/12348"}],"wp:attachment":[{"href":"https:\/\/www.lagottoromagnolo-ribaty.cz\/index.php\/wp-json\/wp\/v2\/media?parent=9943"}],"curies":[{"name":"wp","href":"https:\/\/api.w.org\/{rel}","templated":true}]}}