{"id":9870,"date":"2023-11-09T22:50:58","date_gmt":"2023-11-09T22:50:58","guid":{"rendered":"https:\/\/www.lagottoromagnolo-ribaty.cz\/?page_id=9870"},"modified":"2023-11-09T22:53:45","modified_gmt":"2023-11-09T22:53:45","slug":"embryonalni-vyvoj-ontogeneticky-vyvoj-vaseho-stenatka","status":"publish","type":"page","link":"https:\/\/www.lagottoromagnolo-ribaty.cz\/index.php\/embryonalni-vyvoj-ontogeneticky-vyvoj-vaseho-stenatka\/","title":{"rendered":"Embryon\u00e1ln\u00ed v\u00fdvoj &#8211; ontogenetick\u00fd v\u00fdvoj Va\u0161eho \u0161t\u011b\u0148\u00e1tka"},"content":{"rendered":"\n<ul><li>embryo = z\u00e1rodek (do 31. dne b\u0159ezosti)<\/li><\/ul>\n\n\n\n<ul><li>fetus = plod (od 32. dne b\u0159ezosti)<\/li><\/ul>\n\n\n\n<p><\/p>\n\n\n\n<p>&#8230;..str\u00e1nku pro V\u00e1s p\u0159ipravujeme <\/p>\n\n\n\n<p><\/p>\n","protected":false},"excerpt":{"rendered":"<p>embryo = z\u00e1rodek (do 31. dne b\u0159ezosti) fetus = plod (od 32. dne b\u0159ezosti) &#8230;..str\u00e1nku pro V\u00e1s p\u0159ipravujeme<\/p>\n","protected":false},"author":1,"featured_media":0,"parent":0,"menu_order":0,"comment_status":"closed","ping_status":"closed","template":"template-full-width.php","meta":{"ngg_post_thumbnail":0},"_links":{"self":[{"href":"https:\/\/www.lagottoromagnolo-ribaty.cz\/index.php\/wp-json\/wp\/v2\/pages\/9870"}],"collection":[{"href":"https:\/\/www.lagottoromagnolo-ribaty.cz\/index.php\/wp-json\/wp\/v2\/pages"}],"about":[{"href":"https:\/\/www.lagottoromagnolo-ribaty.cz\/index.php\/wp-json\/wp\/v2\/types\/page"}],"author":[{"embeddable":true,"href":"https:\/\/www.lagottoromagnolo-ribaty.cz\/index.php\/wp-json\/wp\/v2\/users\/1"}],"replies":[{"embeddable":true,"href":"https:\/\/www.lagottoromagnolo-ribaty.cz\/index.php\/wp-json\/wp\/v2\/comments?post=9870"}],"version-history":[{"count":2,"href":"https:\/\/www.lagottoromagnolo-ribaty.cz\/index.php\/wp-json\/wp\/v2\/pages\/9870\/revisions"}],"predecessor-version":[{"id":9874,"href":"https:\/\/www.lagottoromagnolo-ribaty.cz\/index.php\/wp-json\/wp\/v2\/pages\/9870\/revisions\/9874"}],"wp:attachment":[{"href":"https:\/\/www.lagottoromagnolo-ribaty.cz\/index.php\/wp-json\/wp\/v2\/media?parent=9870"}],"curies":[{"name":"wp","href":"https:\/\/api.w.org\/{rel}","templated":true}]}}