{"id":9004,"date":"2023-02-12T22:00:07","date_gmt":"2023-02-12T22:00:07","guid":{"rendered":"https:\/\/www.lagottoromagnolo-ribaty.cz\/?page_id=9004"},"modified":"2025-12-25T22:15:31","modified_gmt":"2025-12-25T22:15:31","slug":"ostatni-2","status":"publish","type":"page","link":"https:\/\/www.lagottoromagnolo-ribaty.cz\/index.php\/ostatni-2\/","title":{"rendered":"Ostatn\u00ed"},"content":{"rendered":"\n<figure class=\"wp-block-embed is-type-wp-embed is-provider-chovatelska-stanice-quot-ribaty-quot wp-block-embed-chovatelska-stanice-quot-ribaty-quot\"><div class=\"wp-block-embed__wrapper\">\n<blockquote class=\"wp-embedded-content\" data-secret=\"MKWvgX3eLl\"><a href=\"https:\/\/www.lagottoromagnolo-ribaty.cz\/index.php\/proc-chtit-psa-s-pp\/\">Pro\u010d cht\u00edt psa s PP<\/a><\/blockquote><iframe class=\"wp-embedded-content\" sandbox=\"allow-scripts\" security=\"restricted\" style=\"position: absolute; clip: rect(1px, 1px, 1px, 1px);\" title=\"&#8222;Pro\u010d cht\u00edt psa s PP&#8220; &#8212; Chovatelsk\u00e1 stanice &quot;RIBATY&quot;\" src=\"https:\/\/www.lagottoromagnolo-ribaty.cz\/index.php\/proc-chtit-psa-s-pp\/embed\/#?secret=MKWvgX3eLl\" data-secret=\"MKWvgX3eLl\" width=\"600\" height=\"338\" frameborder=\"0\" marginwidth=\"0\" marginheight=\"0\" scrolling=\"no\"><\/iframe>\n<\/div><\/figure>\n\n\n\n<figure class=\"wp-block-embed is-type-wp-embed is-provider-chovatelska-stanice-quot-ribaty-quot wp-block-embed-chovatelska-stanice-quot-ribaty-quot\"><div class=\"wp-block-embed__wrapper\">\n<blockquote class=\"wp-embedded-content\" data-secret=\"1p38opkDCM\"><a href=\"https:\/\/www.lagottoromagnolo-ribaty.cz\/index.php\/odkazy\/\">Odkazy<\/a><\/blockquote><iframe class=\"wp-embedded-content\" sandbox=\"allow-scripts\" security=\"restricted\" style=\"position: absolute; clip: rect(1px, 1px, 1px, 1px);\" title=\"&#8222;Odkazy&#8220; &#8212; Chovatelsk\u00e1 stanice &quot;RIBATY&quot;\" src=\"https:\/\/www.lagottoromagnolo-ribaty.cz\/index.php\/odkazy\/embed\/#?secret=1p38opkDCM\" data-secret=\"1p38opkDCM\" width=\"600\" height=\"338\" frameborder=\"0\" marginwidth=\"0\" marginheight=\"0\" scrolling=\"no\"><\/iframe>\n<\/div><\/figure>\n\n\n\n<figure class=\"wp-block-embed is-type-wp-embed is-provider-chovatelska-stanice-quot-ribaty-quot wp-block-embed-chovatelska-stanice-quot-ribaty-quot\"><div class=\"wp-block-embed__wrapper\">\n<blockquote class=\"wp-embedded-content\" data-secret=\"PcLSSegPUC\"><a href=\"https:\/\/www.lagottoromagnolo-ribaty.cz\/index.php\/akce-2\/\">Akce<\/a><\/blockquote><iframe class=\"wp-embedded-content\" sandbox=\"allow-scripts\" security=\"restricted\" style=\"position: absolute; clip: rect(1px, 1px, 1px, 1px);\" title=\"&#8222;Akce&#8220; &#8212; Chovatelsk\u00e1 stanice &quot;RIBATY&quot;\" src=\"https:\/\/www.lagottoromagnolo-ribaty.cz\/index.php\/akce-2\/embed\/#?secret=PcLSSegPUC\" data-secret=\"PcLSSegPUC\" width=\"600\" height=\"338\" frameborder=\"0\" marginwidth=\"0\" marginheight=\"0\" scrolling=\"no\"><\/iframe>\n<\/div><\/figure>\n\n\n\n<figure class=\"wp-block-embed is-type-wp-embed is-provider-chovatelska-stanice-quot-ribaty-quot wp-block-embed-chovatelska-stanice-quot-ribaty-quot\"><div class=\"wp-block-embed__wrapper\">\n<blockquote class=\"wp-embedded-content\" data-secret=\"XAUGJYfjCq\"><a href=\"https:\/\/www.lagottoromagnolo-ribaty.cz\/index.php\/doporucujeme\/\">Doporu\u010dujeme<\/a><\/blockquote><iframe class=\"wp-embedded-content\" sandbox=\"allow-scripts\" security=\"restricted\" style=\"position: absolute; clip: rect(1px, 1px, 1px, 1px);\" title=\"&#8222;Doporu\u010dujeme&#8220; &#8212; Chovatelsk\u00e1 stanice &quot;RIBATY&quot;\" src=\"https:\/\/www.lagottoromagnolo-ribaty.cz\/index.php\/doporucujeme\/embed\/#?secret=XAUGJYfjCq\" data-secret=\"XAUGJYfjCq\" width=\"600\" height=\"338\" frameborder=\"0\" marginwidth=\"0\" marginheight=\"0\" scrolling=\"no\"><\/iframe>\n<\/div><\/figure>\n\n\n\n<p><\/p>\n","protected":false},"excerpt":{"rendered":"","protected":false},"author":1,"featured_media":0,"parent":0,"menu_order":0,"comment_status":"closed","ping_status":"closed","template":"template-full-width.php","meta":{"ngg_post_thumbnail":0},"_links":{"self":[{"href":"https:\/\/www.lagottoromagnolo-ribaty.cz\/index.php\/wp-json\/wp\/v2\/pages\/9004"}],"collection":[{"href":"https:\/\/www.lagottoromagnolo-ribaty.cz\/index.php\/wp-json\/wp\/v2\/pages"}],"about":[{"href":"https:\/\/www.lagottoromagnolo-ribaty.cz\/index.php\/wp-json\/wp\/v2\/types\/page"}],"author":[{"embeddable":true,"href":"https:\/\/www.lagottoromagnolo-ribaty.cz\/index.php\/wp-json\/wp\/v2\/users\/1"}],"replies":[{"embeddable":true,"href":"https:\/\/www.lagottoromagnolo-ribaty.cz\/index.php\/wp-json\/wp\/v2\/comments?post=9004"}],"version-history":[{"count":5,"href":"https:\/\/www.lagottoromagnolo-ribaty.cz\/index.php\/wp-json\/wp\/v2\/pages\/9004\/revisions"}],"predecessor-version":[{"id":12183,"href":"https:\/\/www.lagottoromagnolo-ribaty.cz\/index.php\/wp-json\/wp\/v2\/pages\/9004\/revisions\/12183"}],"wp:attachment":[{"href":"https:\/\/www.lagottoromagnolo-ribaty.cz\/index.php\/wp-json\/wp\/v2\/media?parent=9004"}],"curies":[{"name":"wp","href":"https:\/\/api.w.org\/{rel}","templated":true}]}}