{"id":12594,"date":"2026-04-17T12:06:12","date_gmt":"2026-04-17T12:06:12","guid":{"rendered":"https:\/\/www.lagottoromagnolo-ribaty.cz\/?page_id=12594"},"modified":"2026-04-18T13:58:55","modified_gmt":"2026-04-18T13:58:55","slug":"podpurne-materialy","status":"publish","type":"page","link":"https:\/\/www.lagottoromagnolo-ribaty.cz\/index.php\/podpurne-materialy\/","title":{"rendered":"Podp\u016frn\u00e9 materi\u00e1ly"},"content":{"rendered":"\n<p class=\"has-text-align-center has-light-green-cyan-background-color has-background has-medium-font-size\"><strong>Pomocn\u00edci chovatele<\/strong><\/p>\n\n\n\n<ol class=\"has-text-color has-medium-font-size\" style=\"color:#db14ed\"><li><strong>Pro chovatele nab\u00edz\u00edme speci\u00e1ln\u00ed nab\u00eddku &#8211; poukaz na cyklus webin\u00e1\u0159\u016f &#8211; z\u00e1znamy z okruh\u016f: Jak se p\u0159ipravit na \u0161t\u011b\u0148\u00e1tko, Z\u00e1klady v\u00fd\u017eivy, \u00daprava a p\u00e9\u010de o srst<\/strong> <\/li><\/ol>\n\n\n\n<ul><li>praktick\u00fd pomocn\u00edk pro chovatele a pr\u016fvodce pro majitele, aby bylo shrnuto v\u0161e na jednom m\u00edst\u011b<\/li><li>perfektn\u00ed p\u0159\u00edprava pro budouc\u00ed majitele <\/li><li>nejlep\u0161\u00ed je to absolvovat ve 3. &#8211; 4. t\u00fddnu v\u011bku \u0161t\u011b\u0148\u00e1tek <\/li><\/ul>\n\n\n\n<p class=\"has-medium-font-size\">M\u00e1te &#8211; li z\u00e1jem o poukaz &#8220;P\u0159ipraven\u00fd majitel, polovina \u00fasp\u011bchu&#8221;, napi\u0161te n\u00e1m na e-mail: <strong>lagottoromagnolo@seznam.cz<\/strong> a uve\u010fte n\u00e1sleduj\u00edc\u00ed informace: <\/p>\n\n\n\n<ul><li>n\u00e1zev chovatelsk\u00e9 stanice <\/li><li>po\u010det poukaz\u016f = po\u010det \u0161t\u011b\u0148at <\/li><li>jm\u00e9na majitel\u016f + foto \u0161t\u011b\u0148\u00e1tka dan\u00e9ho majitele<\/li><\/ul>\n\n\n\n<p class=\"has-medium-font-size\"><strong>Cena za 1 poukaz = cel\u00fd z\u00e1znam cyklu webin\u00e1\u0159\u016f (v hodnot\u011b 1850 K\u010d) &#8211; 300 K\u010d (mno\u017estevn\u00ed sleva &#8211; 5 a v\u00edce \u0161t\u011b\u0148at &#8211; 180 K\u010d\/poukaz)<\/strong><\/p>\n\n\n\n<div class=\"wp-block-file\"><object class=\"wp-block-file__embed\" data=\"https:\/\/www.lagottoromagnolo-ribaty.cz\/wp-content\/uploads\/2026\/04\/Green-and-Purple-Aesthetic-Flowers-Border-Flyer.pdf\" type=\"application\/pdf\" style=\"width:100%;height:430px\" aria-label=\"Vlo\u017eit z Pomocn\u00edk chovatele_z\u00e1znam cyklu webin\u00e1\u0159\u016f - &quot;P\u0159ipraven\u00fd majitel, polovina \u00fasp\u011bchu.&quot;.\"><\/object><a href=\"https:\/\/www.lagottoromagnolo-ribaty.cz\/wp-content\/uploads\/2026\/04\/Green-and-Purple-Aesthetic-Flowers-Border-Flyer.pdf\">Pomocn\u00edk chovatele_z\u00e1znam cyklu webin\u00e1\u0159\u016f &#8211; &#8220;P\u0159ipraven\u00fd majitel, polovina \u00fasp\u011bchu.&#8221;<\/a><a href=\"https:\/\/www.lagottoromagnolo-ribaty.cz\/wp-content\/uploads\/2026\/04\/Green-and-Purple-Aesthetic-Flowers-Border-Flyer.pdf\" class=\"wp-block-file__button\" download>St\u00e1hnout<\/a><\/div>\n\n\n\n<p class=\"has-text-color has-medium-font-size\" style=\"color:#6c1ff2\">   2. <strong>Vzory dokument\u016f pro zodpov\u011bdn\u00fd chov<\/strong> &#8211; rezerva\u010dn\u00ed smlouva, kupn\u00ed smlouva, dohoda o kryt\u00ed a \u00fahrad\u011b kryc\u00edho poplatku, smlouva o spolumajitelstv\u00ed, kupn\u00ed smlouva &#8211; odchov na CHS, n\u00e1vod k pou\u017eit\u00ed a bezpe\u010dnost\u00ed pokyny p\u0159i pou\u017e\u00edv\u00e1n\u00ed \u0161t\u011b\u0148\u00e1tka (vlastn\u00ed autorsk\u00e1 tvorba)<\/p>\n\n\n\n<ul><li>jasn\u00e9 p\u0159edstavy o tom, jak by administrativn\u00ed str\u00e1nka v\u011bci m\u011bla vypadat<\/li><li>mo\u017en\u00e9 do\u017eivotn\u00ed pou\u017eit\u00ed a vlastn\u00ed \u00fapravy dle Va\u0161ich p\u0159edstav <\/li><li>kompletn\u011b zrevidov\u00e1no a podpo\u0159eno pr\u00e1vn\u00edkem <\/li><li>vhodn\u00e9 pro za\u010d\u00ednaj\u00edc\u00ed nebo budouc\u00ed chovatele i ty, kte\u0159\u00ed cht\u011bj\u00ed poskytnout \u0161t\u011b\u0148\u00e1tku v\u011bt\u0161\u00ed ochranu <\/li><\/ul>\n\n\n\n<p class=\"has-medium-font-size\">M\u00e1te &#8211; li z\u00e1jem o vzory dokument\u016f, napi\u0161te n\u00e1m na e-mail: <strong>faatylda@seznam.cz<\/strong> a uve\u010fte, jestli chcete v\u0161echny dokumenty nebo jen n\u011bkter\u00e9 (a kter\u00e9). <\/p>\n\n\n\n<p class=\"has-medium-font-size\"><strong>Cena za 1 soubor = 150 K\u010d, cena<\/strong> <strong>za v\u0161echny soubory = 500 K\u010d<\/strong>. Cel\u00e1 \u010d\u00e1stka p\u016fjde na pomoc azylu pro opu\u0161t\u011bn\u00e1, star\u00e1 a t\u00fdran\u00e1 zv\u00ed\u0159ata. V\u00edce zde: <a href=\"https:\/\/www.azyltylda.cz\/\">https:\/\/www.azyltylda.cz\/<\/a><\/p>\n\n\n\n<p class=\"has-text-align-center has-white-color has-text-color has-background has-medium-font-size\" style=\"background-color:#2ca300\"><strong>Den\u00edk \u010dlov\u011b\u010diny s v\u016fn\u00ed kudrlin<\/strong> <\/p>\n\n\n\n<p>Pro majitele, chovatele i ps\u00ed salony p\u0159ipravujeme <strong>Den\u00edk \u010dlov\u011b\u010diny s v\u016fn\u00ed kudrlin<\/strong>, kter\u00fd m\u00e1 za c\u00edl poskytnout maxim\u00e1ln\u00ed mo\u017en\u00e9 informace o plemeni s mo\u017enost\u00ed zaznamen\u00e1vat v\u0161echny d\u016fle\u017eit\u00e9 miln\u00edky v chovu ps\u016f, v \u017eivot\u011b lagott. Sou\u010d\u00e1st\u00ed den\u00edku bude i hodn\u011b ilustrac\u00ed, spousta p\u0159\u00edloh, interaktivn\u00ed pom\u016fcky, kter\u00e9 V\u00e1m v \u017eivot\u011b hodn\u011b pomohou. Takov\u00fd praktick\u00fd pr\u016fvodce. Prvn\u00ed vyd\u00e1n\u00ed je odhadov\u00e1no na konec \u010dervna v on-line verzi. Pro salony a chovatele budou k dispozici i v\u00fdtisky. <\/p>\n\n\n\n<p class=\"has-medium-font-size\"><strong>Cena 1 den\u00edku v e-verzi = 600 K\u010d<\/strong><\/p>\n\n\n\n<p class=\"has-medium-font-size\"><strong>Cena 1 den\u00edku v ti\u0161t\u011bn\u00e9 verzi = 800 K\u010d &#8211; v cen\u011b je osobn\u00ed v\u011bnov\u00e1n\u00ed, autogram<\/strong><\/p>\n\n\n\n<ul class=\"has-medium-font-size\"><li>mno\u017estevn\u00ed sleva pro <strong>chovatele <\/strong>p\u0159i odb\u011bru od 5 den\u00edk\u016f a v\u00edce = 500 K\u010d\/den\u00edk <\/li><li>mno\u017estevn\u00ed sleva pro <strong>ps\u00ed salony <\/strong>p\u0159i odb\u011bru 10 a v\u00edce den\u00edk\u016f = 200 K\u010d\/den\u00edk <\/li><\/ul>\n\n\n\n<p>Budeme V\u00e1s o dal\u0161\u00edm pr\u016fb\u011bhu informovat. <\/p>\n","protected":false},"excerpt":{"rendered":"<p>Pomocn\u00edci chovatele Pro chovatele nab\u00edz\u00edme speci\u00e1ln\u00ed nab\u00eddku &#8211; poukaz na cyklus webin\u00e1\u0159\u016f &#8211; z\u00e1znamy z okruh\u016f: Jak se p\u0159ipravit na \u0161t\u011b\u0148\u00e1tko, Z\u00e1klady v\u00fd\u017eivy, \u00daprava a p\u00e9\u010de o srst praktick\u00fd pomocn\u00edk pro chovatele a pr\u016fvodce pro majitele, aby bylo shrnuto v\u0161e na jednom m\u00edst\u011b perfektn\u00ed p\u0159\u00edprava pro budouc\u00ed majitele nejlep\u0161\u00ed je to absolvovat ve 3. &#8211; [&hellip;]<\/p>\n","protected":false},"author":1,"featured_media":0,"parent":0,"menu_order":0,"comment_status":"closed","ping_status":"closed","template":"","meta":{"ngg_post_thumbnail":0},"_links":{"self":[{"href":"https:\/\/www.lagottoromagnolo-ribaty.cz\/index.php\/wp-json\/wp\/v2\/pages\/12594"}],"collection":[{"href":"https:\/\/www.lagottoromagnolo-ribaty.cz\/index.php\/wp-json\/wp\/v2\/pages"}],"about":[{"href":"https:\/\/www.lagottoromagnolo-ribaty.cz\/index.php\/wp-json\/wp\/v2\/types\/page"}],"author":[{"embeddable":true,"href":"https:\/\/www.lagottoromagnolo-ribaty.cz\/index.php\/wp-json\/wp\/v2\/users\/1"}],"replies":[{"embeddable":true,"href":"https:\/\/www.lagottoromagnolo-ribaty.cz\/index.php\/wp-json\/wp\/v2\/comments?post=12594"}],"version-history":[{"count":16,"href":"https:\/\/www.lagottoromagnolo-ribaty.cz\/index.php\/wp-json\/wp\/v2\/pages\/12594\/revisions"}],"predecessor-version":[{"id":12620,"href":"https:\/\/www.lagottoromagnolo-ribaty.cz\/index.php\/wp-json\/wp\/v2\/pages\/12594\/revisions\/12620"}],"wp:attachment":[{"href":"https:\/\/www.lagottoromagnolo-ribaty.cz\/index.php\/wp-json\/wp\/v2\/media?parent=12594"}],"curies":[{"name":"wp","href":"https:\/\/api.w.org\/{rel}","templated":true}]}}