{"id":12237,"date":"2026-01-22T09:07:42","date_gmt":"2026-01-22T09:07:42","guid":{"rendered":"https:\/\/www.lagottoromagnolo-ribaty.cz\/?page_id=12237"},"modified":"2026-01-22T09:07:42","modified_gmt":"2026-01-22T09:07:42","slug":"zpetne-vazby-z-webinare-zakladni-vyzivove-minimum","status":"publish","type":"page","link":"https:\/\/www.lagottoromagnolo-ribaty.cz\/index.php\/zpetne-vazby-z-webinare-zakladni-vyzivove-minimum\/","title":{"rendered":"Zp\u011btn\u00e9 vazby z webin\u00e1\u0159e &#8211; Z\u00e1kladn\u00ed v\u00fd\u017eivov\u00e9 minimum"},"content":{"rendered":"","protected":false},"excerpt":{"rendered":"","protected":false},"author":1,"featured_media":0,"parent":0,"menu_order":0,"comment_status":"open","ping_status":"closed","template":"","meta":{"ngg_post_thumbnail":0},"_links":{"self":[{"href":"https:\/\/www.lagottoromagnolo-ribaty.cz\/index.php\/wp-json\/wp\/v2\/pages\/12237"}],"collection":[{"href":"https:\/\/www.lagottoromagnolo-ribaty.cz\/index.php\/wp-json\/wp\/v2\/pages"}],"about":[{"href":"https:\/\/www.lagottoromagnolo-ribaty.cz\/index.php\/wp-json\/wp\/v2\/types\/page"}],"author":[{"embeddable":true,"href":"https:\/\/www.lagottoromagnolo-ribaty.cz\/index.php\/wp-json\/wp\/v2\/users\/1"}],"replies":[{"embeddable":true,"href":"https:\/\/www.lagottoromagnolo-ribaty.cz\/index.php\/wp-json\/wp\/v2\/comments?post=12237"}],"version-history":[{"count":1,"href":"https:\/\/www.lagottoromagnolo-ribaty.cz\/index.php\/wp-json\/wp\/v2\/pages\/12237\/revisions"}],"predecessor-version":[{"id":12239,"href":"https:\/\/www.lagottoromagnolo-ribaty.cz\/index.php\/wp-json\/wp\/v2\/pages\/12237\/revisions\/12239"}],"wp:attachment":[{"href":"https:\/\/www.lagottoromagnolo-ribaty.cz\/index.php\/wp-json\/wp\/v2\/media?parent=12237"}],"curies":[{"name":"wp","href":"https:\/\/api.w.org\/{rel}","templated":true}]}}