{"id":11052,"date":"2025-01-25T23:04:15","date_gmt":"2025-01-25T23:04:15","guid":{"rendered":"https:\/\/www.lagottoromagnolo-ribaty.cz\/?page_id=11052"},"modified":"2025-01-25T23:29:24","modified_gmt":"2025-01-25T23:29:24","slug":"nebojte-on-je-hodny","status":"publish","type":"page","link":"https:\/\/www.lagottoromagnolo-ribaty.cz\/index.php\/nebojte-on-je-hodny\/","title":{"rendered":"Nebojte, on je hodn\u00fd, nic neud\u011bl\u00e1\u2026aneb kdy\u017e nem\u00e1m situaci pod kontrolou."},"content":{"rendered":"\n<p class=\"has-medium-font-size\">V\u011bta, kterou ka\u017ed\u00fd z&nbsp;n\u00e1s u\u017e n\u011bkdy sly\u0161el ve chv\u00edli, co se na n\u00e1s \u0159\u00edtil pes na volno a p\u00e1n\u00ed\u010dek v&nbsp;nedohlednu nebo hodn\u011b mizern\u00e9m dohlednu\u2026<\/p>\n\n\n\n<p class=\"has-medium-font-size\">Posledn\u00edch p\u00e1r let je m\u00f3dn\u00edm trendem si po\u0159izovat psy jen podle vzhledu (roztomil\u00fd, mal\u00fd, velk\u00fd, hezky zbarven\u00fd atd\u2026) a p\u00e1r \u0159\u00e1dk\u016f na internetu bez minima zku\u0161enost\u00ed\u2026\u201cJsem se do\u010detl\/a, \u017ee ne\u0161t\u011bk\u00e1, vydr\u017e\u00ed doma s\u00e1m, se dob\u0159e u\u010d\u00ed\u2026.\u201c<\/p>\n\n\n\n<p class=\"has-medium-font-size\">Je toti\u017e jednoduch\u00e9 si po\u0159\u00eddit plemeno se skv\u011bl\u00fdm popisem, ale pokud nev\u011bnuju \u010das tomu se s&nbsp;n\u00edm sezn\u00e1mit osobn\u011b (v\u011bt\u0161ina chovatelsk\u00fdch stanic toto umo\u017e\u0148uje), tak nikdy p\u0159ece nebudu moct dob\u0159e schopen\/a zhodnotit, jestli je to \u201eto prav\u00e9\u201c.<\/p>\n\n\n\n<p class=\"has-medium-font-size\">Bylo by tedy v\u00edce ne\u017e vhodn\u00e9 za\u010d\u00edt t\u00edm, jak si vybrat plemeno, kter\u00e9 n\u00e1m \u201epadne\u201c.<\/p>\n\n\n\n<p class=\"has-large-font-size\"><strong>Finan\u010dn\u00ed situace.<\/strong><\/p>\n\n\n\n<p class=\"has-medium-font-size\">Prvn\u00ed je dobr\u00e9 zhodnotit finan\u010dn\u00ed situaci (mo\u017enosti) \u2013 a to mysl\u00edm i v&nbsp;po\u0159izovac\u00ed cen\u011b. Kdy\u017e budou n\u011bjak\u00e9 velk\u00e9 v\u00fddaje, budete je moci investovat do l\u00e9\u010dby? Pes za 8 tis\u00edc u\u017e prost\u011b n\u011b\u010d\u00edm nevon\u00ed nebo naopak pes za 20 tis\u00edc nemaj\u00edc\u00ed PP (pr\u016fkaz p\u016fvodu) je jen vymakan\u00e9 a pomal\u00e9 vykr\u00e1d\u00e1n\u00ed Va\u0161\u00ed pen\u011b\u017eenky. Takov\u00fd zaj\u00edc v&nbsp;pytli. A pro\u010d? Proto\u017ee nedom\u00fd\u0161l\u00edme ta rizika s&nbsp;t\u00edm spojen\u00e1 (zdravotn\u00ed probl\u00e9my, nestandardn\u00ed povaha). Moc jsme si zvykli m\u00edt v\u0161echno hned te\u010f a nevynalo\u017eit ani kus \u010dasu a pen\u011bz pro to, abychom si to skute\u010dn\u011b zaslou\u017eili. Kdy\u017e nem\u00e1m (nebo ned\u00e1m) na psa za 30 tis\u00edc s&nbsp;PP (pr\u016fkazem p\u016fvodu), ale d\u00e1m za psa bez PP klidn\u011b 20 tis., tak jsem se pr\u00e1v\u011b dobrovoln\u011b rozhodl\/a okr\u00e1dat sebe a rodinu o kr\u00e1sn\u00fd \u017eivot se zdrav\u00fdm psem. Pak mi tak\u00e9 trochu hlava nebere, co t\u00edm \u010dlov\u011bk z\u00edsk\u00e1? V\u00fdb\u011bru elektroniky jsme schopni v\u011bnovat hodiny a hodiny \u010dasu a vlo\u017eit do toho velkou sumu, ale do psa se n\u00e1m to p\u0159\u00ed\u010d\u00ed? Zaj\u00edmav\u00e1 my\u0161lenka\u2026Pokud si nem\u016f\u017eu te\u010f hned psa po\u0159\u00eddit, ale chci ho a chci mu zajistit ten nejlep\u0161\u00ed \u017eivot, holt si n\u011bco na chv\u00edli odep\u0159u, a kdy\u017e to tak budu d\u011blat cca p\u016fl roku a\u017e rok, mohu m\u00edt toho prav\u00e9ho psa. Pes toti\u017e mus\u00ed sed\u011bt Va\u0161\u00ed du\u0161i a \u017eivotn\u00edmu stylu.<\/p>\n\n\n\n<p class=\"has-large-font-size\"><strong>\u010casov\u00e9 mo\u017enosti.<\/strong><\/p>\n\n\n\n<p class=\"has-medium-font-size\">Jsem 10 \u2013 12 hodin v\u00a0pr\u00e1ci, ale psa moc chci, abych nebyl\/a tak s\u00e1m\/a\u2026A co ten pes? Asi cel\u00fd den prochod\u00ed po kaf\u00e1rn\u00e1ch a doma moc nebude. Je sobeck\u00e9 myslet si, \u017ee samotou trp\u00edte jen Vy\u2026Stejn\u011b, jako se i Vy pot\u0159ebujete ob\u010das socializovat (nebo tzv. vyv\u011btrat) a tr\u00e1vit \u010das venku \u010di s p\u0159\u00e1teli, tak to m\u00e1 i pes. Co\u017e se tedy ned\u00e1 \u00fapln\u011b stihnout, jestli za\u010d\u00edn\u00e1te v\u00a0pr\u00e1ci kolem 7 nebo 8h, tak kon\u010d\u00edte kolem 17 a\u017e 20h ve\u010der, a to u\u017e V\u00e1m tak maxim\u00e1ln\u011b sv\u00edt\u00ed na cestu lampy. Ale asi je to zase romantika. \ud83d\ude0a M\u00edt psa vy\u017eaduje zodpov\u011bdnost a n\u011bkdy si \u017e\u00e1d\u00e1 i upraven\u00ed \u017eivotn\u00edch n\u00e1vyk\u016f.<\/p>\n\n\n\n<p class=\"has-large-font-size\"><strong>Zhodnocen\u00ed fyzick\u00fdch mo\u017enost\u00ed.<\/strong><\/p>\n\n\n\n<p class=\"has-medium-font-size\">Vyb\u00edr\u00e1te si psa podle toho, co s&nbsp;n\u00edm chcete d\u011blat nebo to sp\u00ed\u0161e zjist\u00edte a\u017e za pochodu a na z\u00e1klad\u011b toho se za\u0159\u00edd\u00edte? N\u011bkdy se toti\u017e m\u016f\u017ee st\u00e1t, \u017ee pan Murphy vstane, a jak zn\u00e1m jeho z\u00e1kony a smysl pro humor, bude to st\u00e1t za to! \ud83d\ude00 Do ka\u017ed\u00e9 aktivity je t\u0159eba n\u011bco vlo\u017eit, a\u0165 u\u017e V\u00e1\u0161 \u010das (drahocenn\u00e1 v\u011bc, \u0159ekla bych), nebo finance. Jenom\u017ee dne\u0161n\u00ed spole\u010dnost nen\u00ed tak bohat\u00e1, aby m\u011bla oboje, tedy a\u017e na p\u00e1r v\u00fdjimek.<\/p>\n\n\n\n<p class=\"has-medium-font-size\">Jste dlouho mlad\u00ed, ob\u010das V\u00e1s bol\u00ed klouby, ob\u010das cel\u00fd \u010dlov\u011bk a nem\u00e1te ani moc s\u00edlu na to ut\u00edrat ka\u017ed\u00fd den lou\u017ei\u010dky, u\u010dit hygienu, vychov\u00e1vat dal\u0161\u00edho psa a v\u0161e mu znovu ukazovat, u\u010dit ho to, b\u011bhat s&nbsp;n\u00edm des\u00edtky kilometr\u016f denn\u011b nebo s&nbsp;n\u00edm str\u00e1vit n\u011bkolik hodin venku, ale i p\u0159esto ho chcete? Pak nen\u00ed nejrozumn\u011bj\u0161\u00ed n\u00e1pad s\u00e1hnout po \u0161t\u011bn\u011bti jak\u00e9hokoliv plemene nebo po plemeni, kter\u00e9 je \u0161lecht\u011bno k&nbsp;pr\u00e1ci a vy\u017eaduje j\u00ed denn\u011b, hodn\u011b a hlavn\u011b pod spr\u00e1vn\u00fdm veden\u00edm. Z&nbsp;t\u011bch \u201em\u00f3dn\u00edch\u201c bych vyp\u00edchla <em>belgick\u00e9ho ov\u010d\u00e1ka (BO), n\u011bmeck\u00e9ho ov\u010d\u00e1ka (NO), \u010deskoslovensk\u00e9ho vl\u010d\u00e1ka (\u010cSV), americk\u00e9ho staford\u0161\u00edrsk\u00e9ho teri\u00e9ra (AST), pitbula, american bully, akita inu, shiba inu<\/em>. Tady ale na velikosti \u00fapln\u011b nez\u00e1le\u017e\u00ed, v&nbsp;takov\u00e9m p\u0159\u00edpad\u011b nen\u00ed ani moc vhodn\u00e1 \u010divava. Nejsch\u016fdn\u011bj\u0161\u00ed a nejrozumn\u011bj\u0161\u00ed cestou bude poskytnout domov star\u0161\u00edmu jedinci a uk\u00e1zat mu teplo domova a je\u0161t\u011b pom\u011brn\u011b p\u011bkn\u00fd \u017eivot. Dal\u0161\u00ed pom\u011brn\u011b \u010dastou kuriozitou b\u00fdvaj\u00ed velmi huben\u00ed lid\u00e9 a 70kg psi, kdy ti lid\u00e9 za nimi doslova vlaj\u00ed a pes je neposlouch\u00e1. Nemyslete si, pes v\u00ed, \u017ee m\u00e1 pom\u011brn\u011b velkou p\u0159esilu, a tak je docela ve v\u00fdhod\u011b. Jenom\u017ee to nen\u00ed \u00fapln\u011b bezpe\u010dn\u00e9, ani pro V\u00e1s, ani pro psa a dokonce ani pro okol\u00ed, kter\u00e9 se skl\u00e1d\u00e1 tak\u00e9 ze ps\u016f, star\u0161\u00edch lid\u00ed, d\u011bt\u00ed, t\u011bhotn\u00fdch \u017een, imobiln\u00edch lid\u00ed, a tak d\u00e1le. \u010c\u00edm\u017e se nechci dotknout Va\u0161\u00ed postavy, jen V\u00e1m nast\u00ednit, \u017ee i p\u0159ecen\u011bn\u00ed sil je pot\u0159eba promyslet dop\u0159edu. Nen\u00ed v\u0161ak podm\u00ednkou, \u017ee ka\u017ed\u00fd huben\u00fd \u010dlov\u011bk nem\u016f\u017ee m\u00edt zvl\u00e1dnut\u00e9ho sv\u00e9ho mal\u00e9ho 70kg pejska, naopak, v\u0161echna \u010dest. Nar\u00e1\u017e\u00edm t\u0159eba na zvl\u00e1dnutou ch\u016fzi na vod\u00edtku a ovladatelnost, t\u00edm se d\u00e1 t\u0159eba ta hubenost skv\u011ble vyv\u00e1\u017eit.<\/p>\n\n\n\n<p class=\"has-medium-font-size\">A te\u010f bych se r\u00e1da zastavila u <strong>d\u011bt\u00ed<\/strong>, co\u017e jsou v&nbsp;podstat\u011b mal\u00ed lid\u00e9, kte\u0159\u00ed okouk\u00e1vaj\u00ed v\u0161e, co vid\u00ed. Tak\u017ee vid\u00ed a u\u010d\u00ed se i to, \u017ee nekoukat kolem sebe a bezmy\u0161lenkovit\u011b pustit psa bez ohledu na ostatn\u00ed, je v&nbsp;po\u0159\u00e1dku, bude to tak d\u011blat a ukazovat to i sv\u00fdm d\u011btem\u2026Do 15 let by m\u011blo b\u00fdt snad trestn\u00e9 pou\u0161t\u011bt d\u00edt\u011b se psem samotn\u00e9, proto\u017ee i kdy\u017e je sebev\u00edc zodpov\u011bdn\u00e9, je\u0161t\u011b nedom\u00fd\u0161l\u00ed rizika a nedok\u00e1\u017ee zakro\u010dit, p\u0159\u00edp. se br\u00e1nit. A jestli zodpov\u011bdn\u00e9 nen\u00ed, tohle ho to nenau\u010d\u00ed. Co ale ano, je denn\u00ed p\u00e9\u010de o \u010dlena rodiny, kter\u00e1 zahrnuje \u00fapln\u011b v\u0161e, nejen krmen\u00ed, ale prost\u011b v\u0161echny \u00fakony, kter\u00e9 d\u011bl\u00e1me my, dosp\u011bl\u00ed. U nevychovan\u00fdch (a nesocializovan\u00fdch) ps\u016f jsou nej\u010dast\u011bj\u0161\u00edm ter\u010dem pr\u00e1v\u011b d\u011bti a psi. Je d\u016fle\u017eit\u00e9, kdo stoj\u00ed na konci vod\u00edtka!<\/p>\n\n\n\n<p class=\"has-large-font-size\"><strong>P\u0159ipravenost na ne\u010dekan\u00e9 situace.<\/strong><\/p>\n\n\n\n<p class=\"has-medium-font-size\">Tady se n\u00e1m prol\u00edn\u00e1 v\u00edce v\u011bc\u00ed dohromady\u2026Nikdo nev\u00edme, co n\u00e1s nebo na\u0161eho psa m\u016f\u017ee potkat a \u010demu budeme muset \u010delit. V&nbsp;nejlep\u0161\u00edm p\u0159\u00edpad\u011b (a to p\u0159eji ka\u017ed\u00e9mu) si budete u\u017e\u00edvat supr \u017eivota. N\u011bkdy ale i ten supr \u017eivot skr\u00fdv\u00e1 hodn\u011b p\u00e1d\u016f a vst\u00e1v\u00e1n\u00ed a ne v\u017edy je to jednoduch\u00e9, ale i p\u0159esto nen\u00ed d\u016fle\u017eit\u00e9, co se V\u00e1m stalo, ale jak jste se v&nbsp;dan\u00e9 situaci zachovali. Ano, bolelo to a mo\u017en\u00e1 bol\u00ed dote\u010f, jen u\u017e mo\u017en\u00e1 d\u00edky tomu dok\u00e1\u017eete ty ne\u010dekan\u00e9 situace l\u00e9pe zvl\u00e1dat. Tou situac\u00ed m\u016f\u017ee b\u00fdt pr\u00e1v\u011b to, \u017ee si jednoho kr\u00e1sn\u00e9ho dne jdete na p\u011bknou proch\u00e1zku se sv\u00fdm psem a najednou se V\u00e1m a Va\u0161emu psovi p\u0159evr\u00e1t\u00ed \u017eivot vzh\u016fru nohama, proto\u017ee n\u011bjak\u00fd \u201ehodn\u00fd pejsek\u201c zaost\u0159\u00ed na toho Va\u0161eho a jde mu uk\u00e1zat za\u010d je toho loket. \u00dapln\u011b m\u011b z&nbsp;toho mraz\u00ed. Pokud se V\u00e1\u0161 pes neum\u00ed br\u00e1nit nebo je naopak velmi ostra\u017eit\u00fd a Vy tak n\u011bjak je\u0161t\u011b moc neovl\u00e1d\u00e1te \u0159e\u010d t\u011bla psa, je mal\u00e9r na sv\u011bt\u011b a ta situace, kter\u00e1 se stane b\u011bhem n\u011bkolika m\u00e1lo vte\u0159in a\u017e minut, doslova poznamen\u00e1 Va\u0161e dal\u0161\u00ed r\u00e1no. Nejen, \u017ee to m\u016f\u017ee b\u00fdt doslova boj o \u017eivot, ale nebude to taky lacin\u00e1 z\u00e1le\u017eitost. Je to vcelku nepochopiteln\u00e9, ale mus\u00edme se nau\u010dit p\u0159edv\u00eddat, a tak trochu myslet za ostatn\u00ed, aby se to u\u017e p\u0159\u00ed\u0161t\u011b nestalo nebo abychom stihli v\u010das zareagovat.<\/p>\n\n\n\n<div class=\"wp-block-buttons\">\n<div class=\"wp-block-button has-custom-font-size is-style-outline has-medium-font-size\"><a class=\"wp-block-button__link\" style=\"border-radius:9px\"><strong>Jak se tedy v&nbsp;t\u00e9 situaci zachovat?<\/strong><\/a><\/div>\n<\/div>\n\n\n\n<p class=\"has-medium-font-size\">Jdete na proch\u00e1zku a najednou v&nbsp;parku potk\u00e1te \u0159\u00edt\u00edc\u00edho se psa, kter\u00fd m\u00e1 o\u010dividn\u011b sv\u00e9ho majitele na h\u00e1ku (nebo je to majiteli jedno, proto\u017ee m\u00e1 pravd\u011bpodobn\u011b na pr\u00e1ci n\u011bco \u201elep\u0161\u00edho\u201c ne\u017e \u0159e\u0161it psa) a kter\u00fd k\u0159i\u010d\u00ed sebev\u011bdom\u00fdm hl\u00e1skem na V\u00e1s: \u201eNebojte, on nic neud\u011bl\u00e1, je hodn\u00fd\u201c a nebo jemn\u00fdm \u010di neadekv\u00e1tn\u00edm hl\u00e1skem na psa, kter\u00fd v&nbsp;tu danou chv\u00edli nevid\u00ed a nesly\u0161\u00ed.<\/p>\n\n\n\n<p class=\"has-medium-font-size\"><em>\u2026.A co v&nbsp;tuhle chv\u00edli d\u011blat?<\/em><\/p>\n\n\n\n<p class=\"has-medium-font-size\">Nejlep\u0161\u00ed je b\u00fdt p\u0159ipraven na to, \u017ee se to m\u016f\u017ee st\u00e1t. Bohu\u017eel se to d\u011bje dnes a denn\u011b. Pro tyto p\u0159\u00edpady si doporu\u010duji po\u0159\u00eddit multifunk\u010dn\u00ed a multikapsi\u010dkovou vestu, nap\u0159. od zna\u010dky Gappay (ta spl\u0148uje v\u0161echny m\u00e9 po\u017eadavky), do kter\u00e9 si d\u00e1te v\u0161e, co pot\u0159ebujete. Kl\u00ed\u010de, mobil, kapesn\u00edky, s\u00e1\u010dky na ps\u00ed exkrementy, n\u011bjak\u00e9 supr \u010dupr pamlsky a odm\u011bnov\u00e9 hra\u010dky, kter\u00e9 m\u00e1 V\u00e1\u0161 pejsek r\u00e1d + si do jedn\u00e9 t\u00e9 kapsy d\u00e1te i n\u011bco nav\u00edc (ne pamlsky \/\u0159\u00edt\u00edc\u00ed se pes m\u016f\u017ee b\u00fdt alergick\u00fd\/, v&nbsp;tomto p\u0159\u00edpad\u011b t\u0159eba koz\u00ed pamlsky) \u2013 nap\u0159. n\u011b\u010d\u00edm provon\u011bn\u00fd balonek \u010di uzl\u00edk (\u0161pek atd.), de facto n\u011bco, co V\u00e1m nebude vadit, kdy\u017e tam nech\u00e1te (tzn. ide\u00e1ln\u011b n\u011bco za p\u00e1r korun), ta p\u00edskac\u00ed ku\u0159ata nebo pa\u0159\u00e1t \u010di srn\u010d\u00ed no\u017eku \u010di n\u011bco, co dob\u0159e l\u00edt\u00e1 a \u0159\u00edt\u00edc\u00ed pes si toho v\u0161imne. V\u017edy tento p\u0159edm\u011bt <strong>odho\u010fte na jinou stranu, ne\u017e je b\u011b\u017e\u00edc\u00ed pes<\/strong> \u2013 tzn. b\u011b\u017e\u00ed \u2013 li pes proti V\u00e1m a jasn\u00fdm c\u00edlem je V\u00e1\u0161 pes (ve valn\u00e9 v\u011bt\u0161in\u011b p\u0159\u00edpad\u016f), <strong>postavte se p\u0159ed (chra\u0148te ho sv\u00fdm t\u011blem)<\/strong> Va\u0161eho psa, nekoukejte mu do o\u010d\u00ed a tento p\u0159edm\u011bt <strong>odho\u010fte<\/strong> t\u0159eba vpravo nebo vlevo, ale tak, aby to b\u011b\u017e\u00edc\u00ed pes dob\u0159e vid\u011bl. Sta\u010d\u00ed m\u00edt i jakoukoliv tlust\u0161\u00ed \u0161\u0148\u016frku (t\u0159eba z&nbsp;m\u00ed\u010dku), na kter\u00e9 bude uzl\u00edk. Dal\u0161\u00ed variantou je m\u00edt u sebe pep\u0159\u00e1k nebo paralyz\u00e9r (ale to m\u016f\u017ee b\u00fdt i nebezpe\u010dn\u00e9, nemus\u00edte to vyndat v\u010das nebo m\u016f\u017ee m\u00edt \u0159\u00edt\u00edc\u00ed se pes nemocn\u00e9 srdce a sta\u010d\u00ed jedna r\u00e1na paralyz\u00e9rem, co\u017e m\u016f\u017ee skon\u010dit fat\u00e1ln\u011b). D\u00e1le doporu\u010duji u sebe nosit <strong>lahvi\u010dku hodn\u011b studen\u00e9 vody<\/strong> (nebo <strong>soln\u00fd roztok<\/strong>), kter\u00fd pou\u017eijete na odpout\u00e1n\u00ed pozornosti a paral\u00fdzu \u0161etrn\u011bj\u0161\u00edm zp\u016fsobem. C\u00edlem Va\u0161ich \u010din\u016f je <strong>odv\u00e9st pozornost psa agresora<\/strong>, kter\u00fd se \u0159\u00edt\u00ed \u2013 rychle a \u00fa\u010dinn\u011b \u2013 a odej\u00edt (v\u017edy bu\u010fte na stran\u011b psa agresora a druhou stranou t\u011bla chra\u0148te sv\u00e9ho psa \u2013 pob\u011b\u017e\u00ed &#8211; li pes zprava, pak si Va\u0161eho psa rychlost\u00ed blesku dejte na levou stranu, na kr\u00e1tko a d\u016frazn\u00fdm hlasem psa agresora vy\u017ee\u0148te). Ur\u010dit\u011b pom\u016f\u017ee i <strong>zvednout hlas<\/strong> (zak\u0159i\u010det na majitele, bude \u2013 li pobl\u00ed\u017e) a d\u016frazn\u00fdm hlasem mu \u0159\u00edct, a\u0165 odejde \u2013 n\u011bco jako: jdi!, mazej! A pokud se povede, nato\u010dte co p\u016fjde. Pot\u00e9 se vydejte na nejbli\u017e\u0161\u00ed policejn\u00ed slu\u017eebnu a tento \u010din nahlaste (pokud budete m\u00edt s\u00edlu a nebudete p\u0159\u00edli\u0161 v&nbsp;\u0161oku, napi\u0161te i na FB n\u011bjak\u00e9 upozorn\u011bn\u00ed) \u2013 ochr\u00e1n\u00edte t\u00edm p\u0159\u00ed\u0161t\u011b jak sami sebe, tak ostatn\u00ed psy.<\/p>\n\n\n\n<p class=\"has-medium-font-size\">Ne\u017e pust\u00edte psa na volno<strong>, zmapujte si ter\u00e9n <\/strong>\u2013 a\u0165 vid\u00edte na v\u0161echny strany \u010diteln\u011b \u2013 nepou\u0161t\u011bjte nikdy psa, kdy\u017e si ter\u00e9nem nejste jisti a nebo je ne\u010diteln\u00fd (t\u0159eba takov\u00fd kopec, kdo v\u00ed, co je za kopcem). Kdyby se V\u00e1m stalo, \u017ee nedejbo\u017ee nestihnete zareagovat a psi se do sebe pust\u00ed, bude se V\u00e1m hodit ta lahvi\u010dka vody, kterou m\u016f\u017eete pol\u00edt agresora psa a ten by toho m\u011bl nechat (hlavn\u011b se vyvarujete v\u00edce dal\u0161\u00ed kousn\u00fdch a tr\u017en\u00fdch ran, kter\u00e9 by hrozily n\u00e1siln\u00fdm odtrhov\u00e1n\u00edm ps\u016f od sebe). Ne v\u017edy se ale po\u0161t\u011bst\u00ed, a tak se V\u00e1m hod\u00ed samostahovac\u00ed smy\u010dka, kterou si snadno vyrob\u00edte doma, a navl\u00e9knete psovi agresorovi na ocas, krk nebo na nohu (m\u016f\u017eete p\u0159i tom l\u00edt i tu vodu) a zat\u00e1hn\u011bte. Volejte ihned P\u010cR nebo po\u017e\u00e1dejte kolemjdouc\u00edho, a\u0165 zavol\u00e1.<\/p>\n\n\n\n<p class=\"has-medium-font-size\">Kdy\u017e se V\u00e1m poda\u0159\u00ed zjistit posledn\u00ed o\u010dkov\u00e1n\u00ed psa agresora (t\u0159eba se zeptejte na veterinu, kde byl pes o\u010dkov\u00e1n), bude to skv\u011bl\u00e9, m\u016f\u017ee toti\u017e hrozit naka\u017een\u00ed psa jakoukoliv nemoc\u00ed (nejen vzteklinou, ale ta je povinn\u00e1).<\/p>\n\n\n\n<p class=\"has-large-font-size\"><strong>Z\u00e1v\u011brem\u2026<\/strong><\/p>\n\n\n\n<p class=\"has-medium-font-size\">Psi se um\u00ed po\u0159\u00e1dn\u011b nudit, a kdy\u017e se jim nedost\u00e1v\u00e1 t\u00e9 spr\u00e1vn\u00e9 p\u00e9\u010de, \u010dasem se to rozvine ve frustraci a ta vygraduje v&nbsp;agresi. Tak\u017ee ne, \u017ee pes je agresivn\u00ed, ale byl tolikr\u00e1t zahn\u00e1n do \u00fazk\u00fdch, \u017ee u\u017e to prost\u011b nechce d\u00e1l sn\u00e1\u0161et, a tak se br\u00e1n\u00ed. D\u00e1 se to p\u0159irovnat k&nbsp;tomu, \u017ee se t\u0159eba ve V\u00e1s n\u011bco dlouho hromad\u00ed (odpou\u0161t\u00edte, neventilujete), a pak V\u00e1m prost\u011b jednou p\u0159ete\u010dou nervy takov\u00fdm zp\u016fsobem, \u017ee se i pavouk boj\u00ed o sv\u016fj \u017eivot. \ud83d\ude00<\/p>\n","protected":false},"excerpt":{"rendered":"<p>V\u011bta, kterou ka\u017ed\u00fd z&nbsp;n\u00e1s u\u017e n\u011bkdy sly\u0161el ve chv\u00edli, co se na n\u00e1s \u0159\u00edtil pes na volno a p\u00e1n\u00ed\u010dek v&nbsp;nedohlednu nebo hodn\u011b mizern\u00e9m dohlednu\u2026 Posledn\u00edch p\u00e1r let je m\u00f3dn\u00edm trendem si po\u0159izovat psy jen podle vzhledu (roztomil\u00fd, mal\u00fd, velk\u00fd, hezky zbarven\u00fd atd\u2026) a p\u00e1r \u0159\u00e1dk\u016f na internetu bez minima zku\u0161enost\u00ed\u2026\u201cJsem se do\u010detl\/a, \u017ee ne\u0161t\u011bk\u00e1, vydr\u017e\u00ed [&hellip;]<\/p>\n","protected":false},"author":1,"featured_media":0,"parent":0,"menu_order":0,"comment_status":"closed","ping_status":"closed","template":"template-full-width.php","meta":{"ngg_post_thumbnail":0},"_links":{"self":[{"href":"https:\/\/www.lagottoromagnolo-ribaty.cz\/index.php\/wp-json\/wp\/v2\/pages\/11052"}],"collection":[{"href":"https:\/\/www.lagottoromagnolo-ribaty.cz\/index.php\/wp-json\/wp\/v2\/pages"}],"about":[{"href":"https:\/\/www.lagottoromagnolo-ribaty.cz\/index.php\/wp-json\/wp\/v2\/types\/page"}],"author":[{"embeddable":true,"href":"https:\/\/www.lagottoromagnolo-ribaty.cz\/index.php\/wp-json\/wp\/v2\/users\/1"}],"replies":[{"embeddable":true,"href":"https:\/\/www.lagottoromagnolo-ribaty.cz\/index.php\/wp-json\/wp\/v2\/comments?post=11052"}],"version-history":[{"count":8,"href":"https:\/\/www.lagottoromagnolo-ribaty.cz\/index.php\/wp-json\/wp\/v2\/pages\/11052\/revisions"}],"predecessor-version":[{"id":11065,"href":"https:\/\/www.lagottoromagnolo-ribaty.cz\/index.php\/wp-json\/wp\/v2\/pages\/11052\/revisions\/11065"}],"wp:attachment":[{"href":"https:\/\/www.lagottoromagnolo-ribaty.cz\/index.php\/wp-json\/wp\/v2\/media?parent=11052"}],"curies":[{"name":"wp","href":"https:\/\/api.w.org\/{rel}","templated":true}]}}