{"id":10936,"date":"2024-11-14T00:11:21","date_gmt":"2024-11-14T00:11:21","guid":{"rendered":"https:\/\/www.lagottoromagnolo-ribaty.cz\/?page_id=10936"},"modified":"2024-11-14T20:31:10","modified_gmt":"2024-11-14T20:31:10","slug":"hodnoceni-kurzu-simona-a-rory","status":"publish","type":"page","link":"https:\/\/www.lagottoromagnolo-ribaty.cz\/index.php\/hodnoceni-kurzu-simona-a-rory\/","title":{"rendered":"Hodnocen\u00ed kurzu"},"content":{"rendered":"\n<p><span class=\"has-inline-color has-luminous-vivid-orange-color\"><em>Mgr. Simona D\u011bck\u00e1 a Rorynka<\/em><\/span><\/p>\n\n\n\n<blockquote class=\"wp-block-quote is-style-large\"><p><\/p><cite>Pokud bych mohla majitel\u016fm lagottek poradit, jak si prohloubit a upevnit vztah s jejich pejsky, tak bych rozhodn\u011b doporu\u010dila tento kurz. Leila nejen, \u017ee v\u00e1m poskytne opravdu zaj\u00edmav\u00e9 informace o tom jak na dokonal\u00e9 kudrliny t\u011bch na\u0161ich kudrlinek, co se t\u00fd\u010de p\u00e9\u010de, h\u0159eben\u016f, \u0161amp\u00f3n\u016f a spoustu dal\u0161\u00edch vychyt\u00e1vek, ale taky v\u00e1s na praktick\u00e9 \u010d\u00e1sti nau\u010d\u00ed, jak si \u201evyst\u0159\u00edhat\u201c dokonal\u00e9 lagotto s neskute\u010dnou lehkost\u00ed, klidem a trp\u011blivost\u00ed. Krom informac\u00ed ohledn\u011b p\u00e9\u010de o srst a st\u0159\u00edh\u00e1n\u00ed pro m\u011b bylo taky velice p\u0159\u00ednosn\u00e9 vid\u011bt Leilu &#8220;v akci&#8221; jak komunikuje s pejsky a u\u010d\u00ed je klidn\u011b st\u00e1t na stole. To se ned\u00e1 popsat, to se mus\u00ed opravdu vid\u011bt a za\u017e\u00edt, aby to potom mohl \u010dlov\u011bk praktikovat s\u00e1m. D\u00edky tomuto kurzu se moje pouto s Rorynkou je\u0161t\u011b v\u00edce upevnilo a prohloubilo. Za to Leile s Rorynkou moc d\u011bkujeme.<\/cite><\/blockquote>\n\n\n\n<figure class=\"wp-block-gallery columns-2 is-cropped\"><ul class=\"blocks-gallery-grid\"><li class=\"blocks-gallery-item\"><figure><img loading=\"lazy\" width=\"768\" height=\"1024\" src=\"https:\/\/www.lagottoromagnolo-ribaty.cz\/wp-content\/uploads\/2024\/11\/IMG-20241113-WA0001-768x1024.jpg\" alt=\"\" data-id=\"10940\" data-full-url=\"https:\/\/www.lagottoromagnolo-ribaty.cz\/wp-content\/uploads\/2024\/11\/IMG-20241113-WA0001.jpg\" data-link=\"https:\/\/www.lagottoromagnolo-ribaty.cz\/index.php\/hodnoceni-kurzu-6\/img-20241113-wa0001\/\" class=\"wp-image-10940\" srcset=\"https:\/\/www.lagottoromagnolo-ribaty.cz\/wp-content\/uploads\/2024\/11\/IMG-20241113-WA0001-768x1024.jpg 768w, https:\/\/www.lagottoromagnolo-ribaty.cz\/wp-content\/uploads\/2024\/11\/IMG-20241113-WA0001-375x500.jpg 375w, https:\/\/www.lagottoromagnolo-ribaty.cz\/wp-content\/uploads\/2024\/11\/IMG-20241113-WA0001-1152x1536.jpg 1152w, https:\/\/www.lagottoromagnolo-ribaty.cz\/wp-content\/uploads\/2024\/11\/IMG-20241113-WA0001.jpg 1536w\" sizes=\"(max-width: 768px) 100vw, 768px\" \/><figcaption class=\"blocks-gallery-item__caption\">Vlastn\u00ed st\u0159\u00edh\u00e1n\u00ed od pan\u00ed majitelky. Moc kr\u00e1sn\u00fd v\u00fdsledek.<\/figcaption><\/figure><\/li><li class=\"blocks-gallery-item\"><figure><img loading=\"lazy\" width=\"768\" height=\"1024\" src=\"https:\/\/www.lagottoromagnolo-ribaty.cz\/wp-content\/uploads\/2024\/11\/IMG_20241028_165317-768x1024.jpg\" alt=\"\" data-id=\"10941\" data-full-url=\"https:\/\/www.lagottoromagnolo-ribaty.cz\/wp-content\/uploads\/2024\/11\/IMG_20241028_165317-scaled.jpg\" data-link=\"https:\/\/www.lagottoromagnolo-ribaty.cz\/index.php\/hodnoceni-kurzu-6\/img_20241028_165317\/\" class=\"wp-image-10941\" srcset=\"https:\/\/www.lagottoromagnolo-ribaty.cz\/wp-content\/uploads\/2024\/11\/IMG_20241028_165317-768x1024.jpg 768w, https:\/\/www.lagottoromagnolo-ribaty.cz\/wp-content\/uploads\/2024\/11\/IMG_20241028_165317-375x500.jpg 375w, https:\/\/www.lagottoromagnolo-ribaty.cz\/wp-content\/uploads\/2024\/11\/IMG_20241028_165317-1152x1536.jpg 1152w, https:\/\/www.lagottoromagnolo-ribaty.cz\/wp-content\/uploads\/2024\/11\/IMG_20241028_165317-1536x2048.jpg 1536w, https:\/\/www.lagottoromagnolo-ribaty.cz\/wp-content\/uploads\/2024\/11\/IMG_20241028_165317-scaled.jpg 1920w\" sizes=\"(max-width: 768px) 100vw, 768px\" \/><figcaption class=\"blocks-gallery-item__caption\">St\u0159ih hned po kurzu  <\/figcaption><\/figure><\/li><\/ul><\/figure>\n","protected":false},"excerpt":{"rendered":"<p>Mgr. Simona D\u011bck\u00e1 a Rorynka Pokud bych mohla majitel\u016fm lagottek poradit, jak si prohloubit a upevnit vztah s jejich pejsky, tak bych rozhodn\u011b doporu\u010dila tento kurz. Leila nejen, \u017ee v\u00e1m poskytne opravdu zaj\u00edmav\u00e9 informace o tom jak na dokonal\u00e9 kudrliny t\u011bch na\u0161ich kudrlinek, co se t\u00fd\u010de p\u00e9\u010de, h\u0159eben\u016f, \u0161amp\u00f3n\u016f a spoustu dal\u0161\u00edch vychyt\u00e1vek, ale taky [&hellip;]<\/p>\n","protected":false},"author":1,"featured_media":0,"parent":0,"menu_order":0,"comment_status":"closed","ping_status":"closed","template":"template-full-width.php","meta":{"ngg_post_thumbnail":0},"_links":{"self":[{"href":"https:\/\/www.lagottoromagnolo-ribaty.cz\/index.php\/wp-json\/wp\/v2\/pages\/10936"}],"collection":[{"href":"https:\/\/www.lagottoromagnolo-ribaty.cz\/index.php\/wp-json\/wp\/v2\/pages"}],"about":[{"href":"https:\/\/www.lagottoromagnolo-ribaty.cz\/index.php\/wp-json\/wp\/v2\/types\/page"}],"author":[{"embeddable":true,"href":"https:\/\/www.lagottoromagnolo-ribaty.cz\/index.php\/wp-json\/wp\/v2\/users\/1"}],"replies":[{"embeddable":true,"href":"https:\/\/www.lagottoromagnolo-ribaty.cz\/index.php\/wp-json\/wp\/v2\/comments?post=10936"}],"version-history":[{"count":6,"href":"https:\/\/www.lagottoromagnolo-ribaty.cz\/index.php\/wp-json\/wp\/v2\/pages\/10936\/revisions"}],"predecessor-version":[{"id":10966,"href":"https:\/\/www.lagottoromagnolo-ribaty.cz\/index.php\/wp-json\/wp\/v2\/pages\/10936\/revisions\/10966"}],"wp:attachment":[{"href":"https:\/\/www.lagottoromagnolo-ribaty.cz\/index.php\/wp-json\/wp\/v2\/media?parent=10936"}],"curies":[{"name":"wp","href":"https:\/\/api.w.org\/{rel}","templated":true}]}}